46 + 6 = -4*p. Suppose 2*k = 3*x - 479 - 47, -5*x - p = k. Let l = 378 + k. Does 11 divide l?
True
Let n(s) = 17*s**3 - 5*s**2 - s - 3. Let w be n(4). Let o = w + -515. Is 18 a factor of o?
True
Is 94 a factor of ((-402)/(-30))/(10/1700)?
False
Does 27 divide (-2)/(-3) + 7/(-6) + (-3044272)/(-1568)?
False
Suppose 0 = 26*z - 45*z + 190. Is -3 - (-165 + z/(-5)) a multiple of 7?
False
Suppose 2*v = -t + 8602, 10*t + 34444 = 14*t + 2*v. Is t a multiple of 43?
False
Suppose -n = -324 + 100. Let y = -176 + n. Is y a multiple of 16?
True
Let o(u) = -2*u**3 + 63*u**2 + 29*u + 93. Let f be o(32). Is (-406)/f - 18/54 a multiple of 15?
True
Let c = -1454 + 556. Let m = -98 - c. Is m a multiple of 8?
True
Let d(t) = t**3 + 6*t**2 + t - 4. Let u be d(-5). Suppose -5*l - 25 = 0, 2*l - 61 = 2*x - 99. Suppose -x*s = -u*s + 144. Is 7 a factor of s?
False
Let v(u) = 220*u**2 + 7*u + 15. Let y be v(-5). Suppose 4*l + l + 5*f = y, 0 = l - 2*f - 1084. Does 78 divide l?
True
Does 24 divide -4*(-18498)/(-16)*16/(-12)?
False
Let z = 12434 + -11404. Does 115 divide z?
False
Let h(r) = 600*r**3 + r**2 + 2*r - 1. Let x be h(-1). Is (-5 - x/1) + 3 a multiple of 30?
True
Suppose -35 + 29 = -w + a, w - 9 = 2*a. Suppose -2*t = 3*t - r - 1350, 3*t - 810 = -w*r. Is t a multiple of 15?
True
Let z(y) = -8*y**2 - 88*y + 199. Let i(d) = -2*d**2 - 22*d + 49. Let q(r) = -9*i(r) + 2*z(r). Is q(16) a multiple of 53?
False
Let b(t) = t**2 - 17*t - 40. Let j be b(19). Is 11 a factor of (11/(-2))/((j - 2)/392)?
True
Suppose 6*a = 72*a - 562 - 1682. Is a a multiple of 3?
False
Let u = 33 + -31. Let q(n) = -8*n**3 - 4*n + 3. Let w be q(u). Let t = 103 + w. Is t a multiple of 7?
False
Let p be ((-2)/6)/((-815)/90 - -9). Suppose 0 = -p*b + 27 + 141. Is 4 a factor of b?
True
Let s(h) = 394*h + 32. Let m(q) = -q - 4. Let k(a) = -12*m(a) - s(a). Is k(-2) a multiple of 20?
True
Let v = -95 + 85. Let y be v/(-3) + 1 + (-12)/36. Suppose -2*x + 96 = -y. Is 10 a factor of x?
True
Let v = 39 + -36. Suppose -f + 360 = 3*w + 89, -v*w = 3*f - 843. Let s = -151 + f. Does 20 divide s?
False
Let s(k) = 49*k + 6. Let j(x) = -x**2 - 2*x + 12. Let i be j(-5). Let z be i/(2 - -1)*12/(-3). Does 16 divide s(z)?
False
Suppose o + 3 = 3*c - 10, 3*o - 13 = -4*c. Suppose g = 3*g + j - 109, -3*g + 166 = c*j. Does 9 divide g?
True
Let g = -54308 - -102952. Does 220 divide g?
False
Let v(m) be the third derivative of 1/3*m**4 + 0*m + 1/5*m**5 + 1/2*m**3 + 0 + 21*m**2 + 1/120*m**6. Does 18 divide v(-6)?
False
Let l be -5 + 0 - (-3 - 5). Suppose -3*x - 2*x = l*j - 34, 4*j + x - 17 = 0. Is 15*(1*(j + -2) - -7) a multiple of 12?
True
Let p = 9631 + -7309. Is p a multiple of 27?
True
Let c(v) = -v**2 - 133*v - 573. Does 81 divide c(-92)?
False
Let g = -13020 - -2913. Is 4/18 + g/(-81) a multiple of 5?
True
Let w be (207 - -4)*1 - -1. Suppose -5*f + w + 58 = 0. Suppose 31 = a - 4*s - f, -2*s = -4*a + 340. Does 14 divide a?
False
Let d(f) = 7512*f + 318. Is 10 a factor of d(2)?
False
Let j = -6561 + 12609. Does 56 divide j?
True
Let h = 570 - -60. Let a = 958 - h. Does 41 divide a?
True
Let k = -23306 + 35884. Is k a multiple of 14?
False
Suppose 147*p - 149*p = -10. Suppose -4*l - 2 = 3*c - 4*c, -p*c - 3*l + 102 = 0. Does 6 divide c?
True
Let n(y) = -16*y**3 - 2*y**2 + 2*y + 4. Suppose -126 = -3*i + 147. Suppose 87 - i = 2*d. Is n(d) a multiple of 8?
True
Let m(t) = -29*t - 22. Let i be m(-5). Let j = 205 + i. Is 41 a factor of j?
True
Let t(b) = 113*b**3 + 14*b**2 - 45*b + 5. Is t(4) a multiple of 5?
False
Let i(c) = -c**3 - 2*c**2 + 16*c + 9. Let d be i(-5). Suppose f = -z + 267, -795 = -3*f - d*z + 7*z. Is 14 a factor of f?
True
Let i = 43 + -20. Let b(u) = 38*u + 11. Let f be b(i). Suppose -15*n + f = -255. Does 19 divide n?
True
Suppose 3*r - 2*p = 80638, -3*p + 107506 = 743*r - 739*r. Is 178 a factor of r?
True
Suppose 10*b - 1 - 9 = 0. Let s be b*(30/75 - 46/(-10)). Does 8 divide (-6*s/20)/(2/(-116))?
False
Let s = -1799 - -1804. Let d(p) = p - 3. Let y be d(9). Suppose -y*l + s*l = -16. Does 7 divide l?
False
Suppose 3*q + 10743 = 64851. Suppose -20*d - q = -21*d. Is (d/81)/((-1)/3 - -1) a multiple of 25?
False
Suppose -71*k + 73*k + 6161 = 3*q, 4*q - 8208 = -4*k. Does 53 divide q?
False
Suppose -5*m - 1 - 25 = -3*q, 2 = 3*q + m. Let d be 4 + ((-5)/10)/(q/8). Suppose 2*n + 4*i = d + 18, i - 41 = -5*n. Is n a multiple of 7?
False
Let x = -20 + 44. Let p = x - 18. Suppose p*i - 2*i = 96. Is i a multiple of 6?
True
Let m(a) be the first derivative of a**3/3 - 23*a**2/2 - 16*a + 128. Does 29 divide m(-8)?
True
Let u(a) = 27*a**3 + 2*a**2 + 3*a - 15. Let p be u(3). Let i = p - 525. Does 5 divide i?
False
Suppose 4*l - 9 + 2 = -d, -d = -5*l + 20. Suppose 981 = l*o + 120. Let r = o + -170. Is r a multiple of 38?
False
Let b(s) = -76*s + 33. Let u be b(-13). Suppose 0 = 8*y - u + 213. Let n = -25 + y. Is n a multiple of 14?
False
Let g be 35/(-2)*(119/(-35) + 5). Does 28 divide (-1)/(57/g - -2)?
True
Suppose -25*g - 18*g = 31*g - 228734. Is g a multiple of 11?
True
Let a(u) = 3*u**2 - 36*u - 2231. Is 145 a factor of a(64)?
False
Let c(g) = -g**3 - 22*g**2 + 52*g - 150. Is c(-26) a multiple of 4?
False
Is 18 a factor of (88/198)/((-2)/(-9513))?
False
Suppose 35*g - 83952 = 43728. Is 114 a factor of g?
True
Let u = -3183 + 3128. Suppose -22 = i - 115. Let c = i + u. Is c a multiple of 31?
False
Let v(b) = b**2 + 10*b - 15. Let c be v(-12). Let q(j) = 2*j**2 - 15*j + 47. Is 6 a factor of q(c)?
False
Suppose 37*d - 364416 = -41*d. Is d a multiple of 7?
False
Suppose -2458 = -4*i + 2646. Let g be 0 + i/8 + 1/2. Let a = 290 - g. Is a a multiple of 26?
True
Suppose -9*f = -8*f - 4*k - 6262, 0 = -2*f + 4*k + 12528. Is 11 a factor of f?
False
Let a be 0*(2 + 3/(-1)). Let t(o) = a*o - 11 + 8*o + 12 + 25. Is t(7) a multiple of 12?
False
Let j(c) = c**2 - 2*c - 24. Let i be j(6). Let b(m) = -61*m**2 + i + 72*m**2 + 6 + 4*m. Is 13 a factor of b(3)?
True
Let o(m) = 236*m - 1512. Is 4 a factor of o(23)?
True
Let p = 3922 - 1434. Does 8 divide p?
True
Suppose -5*q - 15*a = -17*a - 914, 0 = -4*q - 4*a + 748. Is q a multiple of 33?
False
Let r(p) = 33*p**3 + 12*p**2 - 13*p - 158. Does 62 divide r(11)?
True
Let o = -1 + 0. Let z(u) = -484*u**3 - u**2 + u + 1. Is 13 a factor of z(o)?
False
Is 75 a factor of 3772/164*(36 - -1)?
False
Let d(t) = -t**3 - 17*t**2 - 26*t + 9. Let j be d(-16). Let g = j - -23. Is 12 a factor of g?
True
Suppose 0 = -207*p + 203*p + 8. Suppose -12 = p*m + 26. Does 28 divide (m - -17) + 142 + 0 + 0?
True
Let g = 3482 - 3392. Is g a multiple of 6?
True
Let b be -2 + (5 - 8) + 740. Let j = 1125 - b. Is 15 a factor of j?
True
Suppose 5325 = 8*a + 6845. Suppose 2*x + 6 = 0, -169 = -5*p - 5*x + 191. Is 13 a factor of 2 + a*5/(p/(-6))?
True
Let c = 15642 + -11072. Is 107 a factor of c?
False
Let y = 307 - 157. Suppose -8*x + y = -730. Does 4 divide x?
False
Let t(h) = -50*h - 36*h + 40 + 60*h. Let f be t(-20). Let q = -287 + f. Is 13 a factor of q?
True
Suppose -3*n - 3*p + 0*p + 39 = 0, -5*p = -5*n + 55. Suppose -3*b + 6*b - n = 0. Suppose -b*i - 17 = -29. Is i a multiple of 2?
False
Suppose -22*n = 28*n + 65*n - 1606090. Is n a multiple of 70?
False
Let n = -7108 - -7203. Does 3 divide n?
False
Let c = -10118 + 2175. Does 8 divide (c/235)/(0 - 1/5)?
False
Suppose 5*g + q = 15986, 3*q = 3*g + 8*q - 9574. Does 123 divide g?
True
Let u(x) = 96*x**3 + 4*x**2 + 3*x - 16. Let s be u(4). Suppose 20*i = 996 + s. Does 15 divide i?
True
Let p = -9 - 2. Let j be (p*(-2)/(-4))/((-10)/180). Let b = j - 77. Is b a multiple of 20?
False
Let v(c) = c**2 + 16*c - 7. Suppose m = -5, -8*u - 1 = -6*u + 3*m. Does 11 divide v(u)?
True
Let y = 776 + -216. Suppose 2*z - 558 = -0*z + 3*j, y = 2*z - 4*j. Does 23 divide z?
True
Let s = 0 + -47. Let h = s - -80. Is h/(5/(-5) + 2) a multiple of 11?
True
Suppose -28*u + 27*u + 2437 = 2*g, g - u = 1217. Does 9 divide g?
False
Let g(z) = 3*z**2 + 13*z + 146. Let n be g(-20). Let w = -769 + n. Does 16 divide w?
False
Let z = -25579 + 42955. Is z a multiple of 51?
False
Suppose a + 3*d + 18 = -2*a, 0 = a - 2*d. Let h be (-1)/4 - 37/a. Is (268/(-4))/(-3*3/h) a multiple of 4?
False
Suppose -51*s + 52*s - 66519 = -4*t, -2*s - 66510 = -4*t. Is 69 a factor of t?
True
Let b = -3 - 12. Let u = 39 + b. Let g 